t common factor of l and f.
42
Let g = -4414 + 6977. Calculate the greatest common divisor of 11 and g.
11
Suppose h - 5*a - 65 = 0, 4*a + 52 = 48. Calculate the greatest common divisor of h and 75.
15
Suppose -140 = -6*g - 14. Let i = 204 + -195. Let d be (166/18 - i) + (-61)/(-9). Calculate the greatest common divisor of d and g.
7
Suppose -51*p + 20 = -46*p. Suppose -5*u = p*b - 163, 3*b = -5*u + 72 + 94. What is the greatest common divisor of u and 105?
35
Let z(m) = m**2 - 31*m - 46. Let l be z(33). Suppose -3*u - w + 50 = 0, 0*w = -2*u + 2*w + l. What is the greatest common factor of u and 255?
15
Let b(i) = -42*i + 7. Let a = 50 + -52. Let z be b(a). Let f = z + -61. What is the highest common divisor of 45 and f?
15
Suppose -4*t = -t + 9. Let b(h) = -10*h**3 + h**2 + 4*h + 6. Let l be b(t). What is the greatest common divisor of 39 and l?
39
Let d(i) = i**2 + 21*i - 102. Let j be d(5). Calculate the highest common factor of j and 231.
7
Suppose -176*a = 454*a - 22680. Calculate the highest common divisor of a and 8298.
18
Suppose -12*p = -1812 - 576. Suppose -3*l + 148 = -3*z - 152, p = 2*l - z. Calculate the highest common factor of l and 132.
33
Suppose 19*h + 38688 - 99070 = 0. What is the greatest common factor of h and 56?
14
Let d(p) = 3*p**3 + 19*p**2 + 61*p - 118. Let c(j) = -j**3 - j - 1. Let m(s) = -4*c(s) - d(s). Let g be m(22). Calculate the highest common divisor of g and 40.
40
Suppose -77 = 8*z - 205. Let b(c) = 14*c - 37. Let t be b(z). Calculate the highest common divisor of 11 and t.
11
Suppose 532*m - 529*m - 1345 = -4*t, -t - 3*m = -316. What is the highest common divisor of 3087 and t?
343
Let u(y) = 2*y**3 - 47*y**2 + 3*y - 69. Let b be u(25). What is the highest common factor of b and 143?
11
Let a be (-4)/(4 + 5/(-100) + -4). Let d = a + -68. Calculate the highest common factor of d and 4.
4
Let t(u) = -u**3 - 16*u**2 - 47*u + 8. Let r be ((-2)/(-4))/(((-21)/24)/7). Let y be t(r). Calculate the greatest common divisor of 21 and y.
1
Suppose 2*v = -3*u - 2*v + 1165, 3*u - 4*v = 1229. Calculate the highest common divisor of 4503 and u.
57
Let k be 1*(0 - -4) + 154/11. Calculate the greatest common divisor of k and 405.
9
Let c be 2 - 1 - 1*-7. Suppose -c = -b - 3*b. Suppose 4*h + 48 = 2*p, -p - b*h + 20 = -0*p. Calculate the greatest common divisor of 33 and p.
11
Suppose z - 5 = 0, -3*k - z = -29 - 0. Let b be ((-3)/9)/((-2)/12). Suppose 3*o - 12 = -r, -r + 0 = -b*o - 2. What is the greatest common factor of k and r?
2
Let x = -8 + 13. Suppose -3*d + 4*d - 36 = -4*s, 0 = -4*d + x*s + 60. Calculate the highest common divisor of 15 and d.
5
Suppose -14982 = -606*p + 538*p + 12626. What is the highest common divisor of 1334 and p?
58
Let r be (-5)/(-2) - (-4845)/(-10). Let c = r - -730. Calculate the greatest common factor of 31 and c.
31
Let j = 525 - 437. Suppose -3*x - 5*p + j = -0*p, 2*x - 80 = 2*p. What is the greatest common divisor of 300 and x?
12
Let r = 8 + 2. Let v(x) = -3*x + 36. Let k be v(12). Suppose -5*l - 29*l + 1700 = k. What is the greatest common divisor of l and r?
10
Let w(b) = -b**3 + 7*b**2 + 79*b - 5. Let d be (10 - 370/22) + 4/(-22). Let t be w(d). Calculate the greatest common divisor of 96 and t.
32
Let n(v) = 7*v**2 + 51*v + 95. Let w be n(-8). Let i(d) = d**3 - 2*d**2 - 7*d + 3. Let y be i(6). Calculate the greatest common factor of y and w.
15
Let c = -916 - -1345. Suppose -c = -19*a + 18*a. Let x be (-2 - (-122)/3) + (-3)/(-9). Calculate the highest common factor of x and a.
39
Let k = -2 - -8. Suppose 82 + 272 = k*a. Let v = -44 + a. What is the highest common divisor of 15 and v?
15
Let z = -408 + 410. Suppose -l - z*i - 376 = -4*l, -5*l - i + 631 = 0. Let g(r) = 19*r**2 + r. Let f be g(-1). What is the greatest common factor of l and f?
18
Suppose 4*f = 4*i - 388, -103*i - 506 = -108*i + 2*f. Suppose 9 = 2*x - 7. Calculate the greatest common divisor of i and x.
8
Let p(k) = 5*k**2 - 11*k - 12. Let r be p(-1). Suppose 2*t - r*c - 80 - 40 = 0, 0 = -2*t - 3*c + 155. Calculate the highest common factor of t and 245.
35
Suppose 0 = -d - p + 4552, -129*p = -131*p + 4. What is the greatest common factor of 104 and d?
26
Let o = 334 + -331. Suppose 2*k + 9*a = 4*a + 14, 5*k - o*a = 66. Let f be (-145)/(-3) + (-8)/24. What is the greatest common factor of k and f?
12
Let o = 21 - 16. Suppose -4*j + o*j = 32. What is the highest common divisor of j and 544?
32
Suppose -121*z + 129*z - 264 = 0. Suppose 676 = -z*h + 13975. What is the highest common factor of h and 31?
31
Let g be (-1 + 1)*(3 + -4). Let m(w) = -w**3 - w**2 - w + 154. Let i be m(g). Let r = 2184 - 2170. Calculate the highest common factor of r and i.
14
Suppose 3*c + 2035 = 2*r, -4*c = -60*r + 57*r + 3054. Calculate the greatest common factor of 112 and r.
14
Let r(q) = 5*q - 55. Let k be r(12). Suppose v + b - k = -2, 2*v + b = 10. Calculate the highest common factor of v and 133.
7
Suppose 13 = -g - 3. Let j = 11 - -10. Let n = g + j. Calculate the highest common factor of 20 and n.
5
Let n be 1 - 1*(27 - 4). Let k = n + 47. Let v = k + 20. What is the greatest common divisor of 30 and v?
15
Let u be (-1080)/162*(6 - (-25128)/(-15)). Calculate the greatest common factor of 208 and u.
104
Let j be 2/(-5) + 2/5. Suppose -5475 = -93*w + 68*w. Suppose -5*t - 10 = j, -3*t + 13 - w = -4*r. Calculate the highest common divisor of r and 10.
10
Suppose 5*o - 51*m = -55*m + 12071, 0 = 5*o - m - 12101. What is the highest common factor of 59 and o?
59
Let i be (3 - 9)*260/(-24) - (3 + -4). Calculate the greatest common divisor of 318 and i.
6
Let a(m) = -172*m - 164. Let y be a(-1). What is the highest common divisor of 1256 and y?
8
Let m(v) = 18 - 20*v - 16*v + 40*v. Let a be m(-6). Let i(t) = 9*t**2 - 14*t - 3. Let z be i(a). What is the greatest common factor of 45 and z?
45
Let q(z) = -4535*z**3 - z**2 - 261*z - 259. Let o be q(-1). Calculate the greatest common factor of 616 and o.
56
Let j = 29 + -20. Let x = 546 - 476. Suppose 0 = j*c - 2*c - x. Calculate the highest common factor of 30 and c.
10
Let n(u) = 6*u - 27. Let z(c) = c**2 - 4*c + 14. Let y be 2*2/(-2) + (20 - 14). Let d be z(y). Let v be n(d). What is the greatest common divisor of v and 38?
19
Let f(r) = 2*r + 41. Let t be f(14). Let s = 72 - t. Suppose -s*v + 104 = -i, -5*i - 7 = 3. What is the greatest common factor of 272 and v?
34
Let w(g) = 3*g - 10. Let l be w(4). Suppose i + l*v = 4*v + 224, 3*i + 4*v = 632. Suppose -4*r - 5*r + i = 0. Calculate the greatest common divisor of 6 and r.
6
Suppose -2*q = 163 - 1135. Let y be (3/9)/(1/162). Calculate the greatest common divisor of q and y.
54
Suppose 7*j - 19*j = -456. Let r(o) = 12*o**2 + o - 1. Let d be r(5). What is the highest common divisor of d and j?
38
Let x be 60/4*20/6. Let a = x - 46. Suppose -a*j + 62 = -78. What is the highest common divisor of 14 and j?
7
Suppose 0 = -43*i + 86*i - 38*i - 1155. What is the highest common factor of i and 22407?
231
Let h be 45*475/225 - 14. Calculate the greatest common divisor of h and 15633.
81
Suppose 0 = -4*u + 2*b - 6, 5*u - 5*b + 16 = 6. Let f be (u/2)/((-1)/46). Suppose -236 + 6 = -2*a. What is the highest common factor of a and f?
23
Let t(j) = 4*j - 14. Let n be t(4). Suppose -n*l + 5*l + 126 = 0. Let d = l - -152. What is the highest common divisor of 44 and d?
22
Let i = 1 - -3. Let q be 157/2 - 2/i. Suppose -3*z + 600 = 3*y, 2*z - 10*y = -14*y + 410. What is the greatest common factor of q and z?
39
Let s(z) = 50*z + 214. Let i be s(7). Suppose -9*l = 3*l - i. What is the highest common factor of l and 752?
47
Let s = -41 - -39. Let d = s + 52. Suppose d = 5*o - 0*o. Calculate the greatest common divisor of 20 and o.
10
Let n(v) = -v**2 + 15*v + 2*v - 26 + 15*v. Let a be n(31). Calculate the highest common factor of a and 125.
5
Let h = -56 + 56. Suppose h = -12*f + 8*f + 12. Let y be 17/f - (-14)/42. Calculate the greatest common divisor of y and 6.
6
Let f = -20326 - -20517. What is the highest common divisor of 33043 and f?
191
Let p(n) = -n**2 - 6*n + 20. Let a(z) = z**3 - 9*z**2 + 23*z - 13. Let i be a(5). Let b be p(i). Calculate the greatest common divisor of 124 and b.
4
Let p be (204/(-120) - (-6)/4)*-125. What is the greatest common divisor